 derivative of 3*d**2/2 + 22*d - 453. Determine x(-9).
-5
Let z(q) = -11*q**3 + 2*q**2 + 11*q**3 + 5 - 4*q - 7*q**2 + q**3. What is z(5)?
-15
Let b(a) = -a**3 + 4*a**2 + a - 18. Suppose -w = -6 + 4. Suppose 5 = -w*g - 1. Let d(r) = r**2. Let j(i) = g*d(i) + b(i). Give j(0).
-18
Let n(k) = -k**2 + k + 1. Let z be (3 - 4) + (-3 - -4). Calculate n(z).
1
Let w(z) = -4*z**3 + 14*z**2 - 2*z - 1. Let p(a) = 9*a**3 - 31*a**2 + 4*a + 2. Let i(d) = 3*p(d) + 7*w(d). What is i(5)?
-11
Let o(v) = v - 8. Let u(k) = 9*k - 34. Let z(h) = -4*o(h) + u(h). What is z(-4)?
-22
Let f = 2 - -2. Let o(v) be the second derivative of v**4/24 - v**3/3 - 5*v**2 - 9*v. Let q(k) be the first derivative of o(k). Give q(f).
2
Let k(d) be the second derivative of -d**6/360 - d**5/40 - d**4/8 - 4*d**3/3 + 4*d. Let t(a) be the second derivative of k(a). Give t(-3).
-3
Let g(t) be the third derivative of t**5/60 + 7*t**4/24 - t**3 + 18*t**2 - t. Give g(-7).
-6
Suppose -6 = -3*f - 4*c, 5*f - 4 = 2*c + 6. Suppose -2*h = -12 + f. Let d(m) = m**3 - 4*m**2 - 6*m - 6. Determine d(h).
-11
Let k(c) = -12*c. Let y(d) = d - 6. Let l be y(3). Let a be -3*(-3)/9*l. Let i(m) = m**3 + 3*m**2 + m + 2. Let z be i(a). What is k(z)?
12
Let o(l) = 978*l - l**2 + 11 - 983*l + 0*l**2. What is o(-6)?
5
Let q(h) = -h**3 + 6*h**2 - 4*h - 1. Let f be q(5). Suppose 1 - 5 = -f*i. Let v(b) = -157 - 4*b**2 - 3*b**2 + 158. Calculate v(i).
-6
Let s = -7 - -14. Let v(t) = -1 + t**2 + 0*t - s*t - t + 3*t. Let l = 9 - 3. Determine v(l).
5
Let n(v) = -11*v. Let y(z) = 8*z + 3. Let w(t) = -23*t - 8. Let m(i) = -3*w(i) - 8*y(i). Let x(c) = 13*m(c) + 6*n(c). Determine x(-5).
5
Let a(m) = 3*m + 13. Let y(f) = f**3 + 8*f**2 + 4*f + 23. Let p be y(-8). Calculate a(p).
-14
Let a(j) be the first derivative of 4*j**2 + 33. What is a(1)?
8
Let q(n) = 16*n**3 - 8*n + 6. Let x(v) = 29*v**3 - 15*v + 11. Let r(m) = -11*q(m) + 6*x(m). Calculate r(2).
-20
Let p(w) = -79*w + 79*w - 5 + 15*w**2 - 24*w**2 - 3*w**3. Give p(-3).
-5
Let f = -54 - -95. Let z = -48 + f. Let g(n) = n**2 + 6*n. Calculate g(z).
7
Let y(w) = -4*w**2 + 2*w + 5. Let g(l) = -9*l**2 + 2*l + 10. Let h(v) = 3*g(v) - 7*y(v). Let k(i) = -10*i**3 - 2*i**2 + 1. Let c be k(-1). Calculate h(c).
4
Let q be (95/(-10))/((-2)/4). Let v = q - 11. Let r(s) = s - 5. Calculate r(v).
3
Suppose -3*q + 1 = -4*v, 2 = v + 3*q - 9. Suppose -w = -4*k - 15, -v*k - 5 = -4*w + 3*k. Let j = w + 3. Let g(i) = i**3 + 3*i**2 - 2. Determine g(j).
2
Let q(j) = j. Let y(u) = 2*u - 3. Let g(k) = q(k) - y(k). Let v be g(0). Let a(h) = 0 + 2 + v*h**2 + 1 - 1 + h**3. What is a(-3)?
2
Let k(t) = -t**3 - 3*t**2 + 3*t + 2. Let q(b) = -4*b + 3*b + 3*b - b**2 - 1 + 0*b. Let c = -22 - -25. Let j be q(c). What is k(j)?
6
Let s(w) = -67*w**2 - 60*w**2 - 67*w**2 + 254*w**2 + 1 - 63*w**2. Let c(u) = -u**2 + 4*u - 2. Let p be c(3). Let k = p - 2. What is s(k)?
-2
Let c(g) be the first derivative of -g**4/12 + g**3/3 - g**2/2 + 15*g + 4. Let t(m) be the first derivative of c(m). Give t(-3).
-16
Let t(v) = 8*v + 8. Suppose -54*w + 5*q = -51*w + 28, 2*q - 16 = 2*w. Determine t(w).
-40
Let r(t) = -4*t**3 - t**2 - 2*t - 1. Let l be r(-1). Suppose -5*m + l + 1 = 0. Let v = 4 - m. Let c(d) = -2*d - 4. Determine c(v).
-10
Let l(c) be the first derivative of 0*c + 0*c**2 + 2/3*c**3 + 1/120*c**5 - 5/24*c**4 + 1. Let a(t) be the third derivative of l(t). Give a(4).
-1
Suppose 3*k + k = -4. Let i(v) = -9*v**3 - 20*v**2 - 4*v + 9. Let b(a) = -9*a**3 - 25*a**2 - 5*a + 11. Let z(h) = -4*b(h) + 5*i(h). Calculate z(k).
10
Let u = 8 - 11. Let l(n) = 2 + n + 26*n**2 - 57*n**2 + 30*n**2. What is l(u)?
-10
Let a(s) be the second derivative of -s**3/6 - 9*s**2/2 - 134*s. Determine a(-9).
0
Let d(j) = -51*j**3 - 3*j**2 + 102*j**3 - 9 - 8*j**2 - 12*j - 6 - 52*j**3. Determine d(-10).
5
Suppose 5 = 11*d + 16. Let q(v) = 43*v**3 + 9*v. Let y(i) = -22*i**3 - 5*i. Let k(j) = 6*q(j) + 11*y(j). Calculate k(d).
-15
Let h(a) = -9*a + 10. Let t(v) = -2*v - 1. Let w be t(-4). Let o(i) = 8*i - 9. Let m(s) = w*o(s) + 6*h(s). Give m(3).
3
Let s(j) = -j**2 - 4*j - 1. Let a(r) = -r**2 - 6*r + 7. Let x be a(-5). Suppose 2*d + x = -4*m - 12, -2*d = -2*m + 36. Let b be 2*-6*(-4)/d. Calculate s(b).
2
Let d = -4 - 8. Let q = 15 + d. Let l(t) = -3 - 2 - q*t + 8. Calculate l(3).
-6
Let h(f) = 8*f + 6. Let g(t) = t. Let m(u) = 6*g(u) - h(u). Calculate m(5).
-16
Let u(a) be the second derivative of -a**5/4 - a**3/3 - a**2/2 - 31*a - 7. What is u(-1)?
6
Let c(h) = -4 - 1230*h**2 - 4*h**3 - 1 + 1224*h**2 + 4*h + 5*h**3. Suppose 0*l - 9 = -3*m - 2*l, 4*m + l = 17. What is c(m)?
-10
Let p(v) = v**3 + v**2 + v - 5. Let j = 11 - 11. Give p(j).
-5
Suppose 2*t + 30 = 3*h, 44 = 4*h - 3*t - t. Let p(g) = -h*g + 5*g + 0 + 6. Determine p(6).
-12
Let h be (1 + 5)/6*-5 + 10. Let a(m) = -m**2 + 3*m + 7. What is a(h)?
-3
Suppose 26 = 4*r - 2*x + 10, 11 = r + 3*x. Suppose -2*o = -r*o - 12. Let l(i) = -i + 2*i + 4*i + 2 - 4*i. What is l(o)?
-2
Let x(y) be the second derivative of 0 - 1/12*y**4 - 30*y + 2*y**2 + 0*y**3. Give x(0).
4
Suppose 4*w - w = -2*c + 23, 4*w - 32 = -3*c. Let d(u) = -u**2 - 5*u**2 + 3*u - 2 - 1 + 2*u**2 + u**3. What is d(c)?
9
Let q(b) be the third derivative of -b**6/120 - 2*b**5/15 + 3*b**4/8 + b**3/3 + 24*b**2. Determine q(-9).
2
Let p be 0/(4*(-2)/4). Suppose p = -2*j - 2, 3*u + j - 23 = 0. Let k(h) = -u*h + 10 + 6*h - 3. Give k(6).
-5
Let x(h) = h**3 + h**2 + h - 1. Let s(q) = -5*q**3 - 9*q**2 - 8*q + 7. Let y(u) = s(u) + 6*x(u). Suppose 2*f + 4*k = -0*k + 2, 0 = f + 3*k. Give y(f).
-5
Suppose -695*q + 694*q = a + 4, 4*a = -28. Let s(b) = 4*b**2 - 2. Let v(l) = l**2 - l. Let h(c) = -s(c) + 3*v(c). Give h(q).
-16
Suppose -44 - 25 - 42 = -111*g. Let y(q) be the third derivative of q**6/40 - q**4/24 + q**2. What is y(g)?
2
Let i(a) be the third derivative of -7*a**4/24 - 8*a**3/3 + 78*a**2. Calculate i(-4).
12
Let w(t) = 38*t**2 - 9*t**2 - 3*t**2 + 5*t - 13*t**2 - 14*t**2 - 1. Determine w(5).
-1
Let l(g) be the second derivative of g**5/20 + 2*g**4/3 + g**3/6 + 3*g**2/2 + g - 15. Determine l(-8).
-5
Let w(r) = r + 3. Let m be w(-4). Let h be 0 + (-2146)/(-4) - (-11)/(-22). Let k(z) = 270*z + 1 + 265*z - h*z. What is k(m)?
2
Let t(z) = 15*z + 105. Suppose 39*a = 27*a - 84. Calculate t(a).
0
Let c(s) = s**2 + 3*s - 3. Let v(a) = a**2 + 15*a + 38. Let u be v(-12). Determine c(u).
7
Let v(a) = -a - 16. Suppose 0 = 2*j + 2*s + 46, -5*j - 47 = -3*s + 44. Calculate v(j).
4
Suppose -5*x - 3*i + 4*i = 30, 5*x = 4*i - 45. Let u(s) = 31*s**2 + 20*s + 6. Let p(y) = 88*y**2 + 57*y + 17. Let v(o) = -6*p(o) + 17*u(o). Give v(x).
-15
Suppose -2*i + 11 + 1 = 0. Let v(h) = 2 - 5 - 1 + 6 - h. Let l(r) = r - 1. Let b(u) = 5*l(u) + 6*v(u). What is b(i)?
1
Let u(g) = g**2. Let r = 1 - -3. Let i(z) = -2*z**2 - 3*z - 4. Let b(a) = r*u(a) + i(a). Let n be 0 + 1 + 20/10. Determine b(n).
5
Let j(p) be the second derivative of p**7/1260 - p**6/240 + p**5/20 - 47*p**4/12 + 3*p + 3. Let v(y) be the third derivative of j(y). Determine v(4).
26
Let g(x) = 6*x**3 - 3*x**2 + 37*x + 5. Let u(a) = -11*a**3 + 7*a**2 - 69*a - 9. Let p(n) = -9*g(n) - 5*u(n). Determine p(6).
0
Suppose 76*b = 72*b + 16. Let q(c) be the second derivative of c**4/12 - 2*c**3/3 - c**2/2 + c. Calculate q(b).
-1
Let f(v) = 117*v**2 - 54*v**2 - 6 + 6*v - 64*v**2. Give f(4).
2
Suppose -92 = -4*a + 3*i, a - 6*i + 2*i - 36 = 0. Let h = a + -38. Let c = h - -16. Let s(j) = -j**3 - 3*j**2 - 2*j + 1. Determine s(c).
1
Let i(b) = b**2 + b - 16. Let s(m) = -2*m**3 - 6*m**2 - 6*m. Let a be s(-2). Let n be i(a). Let t(x) = -x + 1 + 2 - 4*x + x**2. Calculate t(n).
-1
Suppose 6*z + 5*s - 251 = 2*z, 5*s + 103 = 2*z. Let p = z + -63. Let d(o) = o**3 + 5*o**2 + 3*o - 3. What is d(p)?
1
Let t(c) = 2*c + 3. Let y(l) = l**3 + 19*l**2 + 36*l + 27. Let x be y(-17). Give t(x).
-11
Let c = 24 - 22. Suppose -c*r - 138 = -5*r. Let x(o) = 47 - o - r + 0*o. What is x(5)?
-4
Let z(a) = -5*a - 3. Suppose 36 = -c - 5*c. Let y(x) = 0 - 5 - 6*x + 2. Let f(i) = c*y(i) + 7*z(i). What is f(3)?
0
Let l be -9 - (0 - 5) - (1 + -14). Let f(w) = -3*w - 5*w - 1 + 3 - l*w. Calculate f(2).
-32
Let d = 12 + -18. Let n = -3 - d. Let f(o) be the first derivative of o**2/2 - 3*o + 38. Calculate f(n).
0
Let j(y) = 9 - 43 - 5*y + 17 + 13. Determine j(4).
